-l*i - 7 = -10. Let z be 2 - ((-4)/(-4))/i. Let f(q) = 7*q - 1. Give f(z).
6
Let c(b) be the third derivative of b**6/120 - b**4/24 + 2*b**3/3 + 2*b**2 - 1171*b. Suppose 0 = 4*n - 0*n + 4. Let a be n/3 - 2/(-6). What is c(a)?
4
Suppose -k + 6*k + 2*o = -8, 2*k - 5*o = -9. Let q(r) = 3*r**3 - r**2 + 2. Determine q(k).
-26
Let i(o) = o**3 + o**2 + 7. Let c = 119 - 114. Suppose 2*j - 4*f = -2*f - 16, 3*j + 6 = -3*f. Let n = j + c. What is i(n)?
7
Let i be (-87)/((-12)/4) - 0. Let k = 31 - i. Let o(l) = -l**3 + l**2 + 2. Determine o(k).
-2
Let g(u) be the second derivative of u**4/12 + 7*u**3/3 + 50*u - 2. Determine g(-14).
0
Let h(x) = x**3 + 7*x**2 - 8*x + 2. Let z be h(-8). Let b(d) = 2 + 2*d**3 + 5*d - d**3 - z*d**3 + 4*d**2. Calculate b(5).
2
Let f(v) = 7*v**2 - 2. Let b = -70 - -77. Let m(k) = -8*k**2 + 2. Let a(i) = b*f(i) + 6*m(i). Give a(-4).
14
Let x(n) = n**3 + 10*n**2 - 13*n - 6. Let c(g) be the third derivative of -g**5/60 + 3*g**4/4 - 11*g**3/6 - 21*g**2. Let m be c(18). What is x(m)?
16
Let u(k) = k**2 + 7*k + 10. Let z be u(-6). Suppose 0 = -4*s - z - 20. Let a(g) = g**3 + 7*g**2 + 6*g - 3. Determine a(s).
-3
Let s(l) be the third derivative of l**4/24 - 17*l**2 - 2*l. Determine s(5).
5
Let n(k) = k**3 - 10*k**2 - 8*k + 6. Let x be n(10). Let a = -77 - x. Let i(f) = 8*f + 2. Determine i(a).
-22
Let r(p) = p**3 + 5*p**2 - 14*p. Suppose -8 - 209 = 31*o. Calculate r(o).
0
Let y be ((-6)/15 + 27/(-20))*-8. Let v(q) = q**3 - 14*q**2 + 2*q - 13. Calculate v(y).
15
Suppose -6*s + 6 = -24. Let p(x) = -4 + 0 + s - x**3. Give p(1).
0
Let v(q) be the third derivative of q**5/60 + 7*q**4/24 + q**3 + 54*q**2. Determine v(-7).
6
Let z(k) = 15*k - 1. Suppose -87 + 91 = -4*b. Calculate z(b).
-16
Let b(p) = 4 - 340*p**2 - 19 - 11*p + 341*p**2. Determine b(12).
-3
Let s(z) be the second derivative of z**3/6 - 3*z**2 - 117*z. Calculate s(3).
-3
Let c(w) be the second derivative of -w**4/12 + 2*w**3/3 - w**2 - 51*w. Determine c(5).
-7
Suppose 0 = 2*z + 4*j + 14, 0*z + 3*j + 7 = -z. Let q(l) = -l - 14. Determine q(z).
-7
Let v(d) be the third derivative of d**5/60 - d**4/4 - 8*d**3/3 + 171*d**2. Calculate v(9).
11
Let y(q) = -3*q - 8. Let a(c) = -14*c - 34. Let b(u) = -2*a(u) + 9*y(u). Give b(-3).
-7
Suppose -t + 5 = 4*t. Let k(d) = -9*d - 12*d + 13*d + d + t. Let v(g) = -g - 4. Let m be v(-5). Determine k(m).
-6
Let o(a) = a**2 + 4*a + 5. Let u(p) = 2*p**3 + 25*p**2 + 14*p + 27. Let f be u(-12). Suppose -c + f*c = -8. Determine o(c).
5
Suppose -811 = -p - 807. Let v(a) = a**3 - 4*a**2 - 4*a + 4. What is v(p)?
-12
Let p = 59 - 10. Let n = -54 + p. Let q(x) = -x**2 - 6*x - 2. Give q(n).
3
Let c(s) = -2*s + 3. Let y(m) = -m**3 - 25*m**2 - 46*m + 5. Let a be y(-23). Suppose -a*d + 20 = p + p, p = 5*d - 35. Give c(d).
-9
Let f(y) = -y**3 - 7*y**2 - 5*y + 4. Let b be 66/4*20/6. Suppose 0*s - b = -5*h + 5*s, 3*h - 5*s - 35 = 0. Let j = h - 16. Calculate f(j).
-2
Let v(z) = -z - 7. Let k(c) = 3*c + 20. Let m(l) = 6*k(l) + 17*v(l). Determine m(-7).
-6
Let l(u) = 5*u. Let s(v) = 7*v - 2. Let a(w) = 15*w - 5. Let h(j) = 2*a(j) - 5*s(j). Let n(g) = 6*h(g) + 5*l(g). Suppose 5*x + 4 = -1. Determine n(x).
5
Let p(v) = -2*v + 10. Let m be p(2). Let y(b) = -4*b - 1. Calculate y(m).
-25
Let d be -5*((-2)/(-10) - 1). Let z(f) be the first derivative of 2*f - 5/3*f**3 + 10 + 1/4*f**4 + f**2. Calculate z(d).
-6
Let i(p) = p**2 + 2*p + 2. Let n be 1*((-101)/(-5) + 1/(-5)). Let f be ((-3)/(-2))/((-10)/n). Give i(f).
5
Let j = 230 - 224. Let n(y) = -y**3 + 5*y**2 + 8*y - 4. Calculate n(j).
8
Suppose -5 = -8*p + 3*p. Let y(a) be the third derivative of -a**8/4032 - a**6/720 - a**5/12 + 6*a**2. Let k(s) be the third derivative of y(s). Calculate k(p).
-6
Let n(x) = -x**2 - x - 2. Let l(r) = 4*r**2 - 2*r + 11. Let c(g) = l(g) + 3*n(g). Let j = -14 + -88. Let w be j/(-24) + 2/(-8). Calculate c(w).
1
Let u(i) = -9*i**2 + 9*i + 3. Let y(r) = -9*r**2 + 6*r + 2. Let a(z) = 2*u(z) - 3*y(z). Give a(-1).
9
Let m(p) = -p**2 - 9*p + 6. Let s(z) = -z + 3. Let b(g) = m(g) - 2*s(g). Let v(t) = t**2 + 7*t - 6. Let k be v(-7). Give b(k).
6
Let r(q) = q + 5*q**2 + 26 + q**3 - 42 + 14. Determine r(-2).
8
Let y(v) = 2*v - 17. Suppose -62*r = -28*r - 374. Give y(r).
5
Let c(p) = -15*p - 3. Let i(a) = -13*a + 40. Let n be i(3). Give c(n).
-18
Suppose -24*g + 45 = -27. Let u(k) = -4*k**2 + 5*k - 2. Let n(s) = 5*s**2 - 5*s + 2. Let r(w) = -3*n(w) - 4*u(w). Determine r(g).
-4
Let u = -253 - -255. Let g(f) = -f**3 + 2*f**2. Calculate g(u).
0
Let j(u) = -u**2 - 7*u - 2. Let a = 39 - 41. Let b be a/(1 + 1/(-2)). Determine j(b).
10
Let a be 2720/70 + 2/14. Suppose z - 4*p = -7 - 7, -p = 4*z + a. Let y(c) = -c**2 - 12*c - 15. Give y(z).
5
Let r(k) be the third derivative of -k**4/6 + k**3/6 - k**2. Suppose 0 = -27*a + 15 + 12. Determine r(a).
-3
Let b(l) = -4*l**3 - 6*l**2 - 11. Let g(d) = 11*d**3 + 17*d**2 + 31. Let u(w) = -17*b(w) - 6*g(w). Suppose -2*k + 1 = -v - 0*v, 3 = 3*k. Determine u(v).
3
Let n(u) = 3*u**2 + 29*u - 70*u + 24*u + 19*u - u**3. Let g = 10 + -7. Give n(g).
6
Let g be (1 - 6)*(-2)/(-2). Suppose -5*c + 5*n = -10, -6*c + 2*c = n - 8. Let s(u) = 21 - 18 + 3*u - c*u. Determine s(g).
-2
Let l(b) be the second derivative of b**4/12 - b**2 + 36*b. Let j(g) = g**3 - 4*g**2 - 4*g - 1. Let u be j(5). Determine l(u).
14
Let c be (-2)/(-3 - -5)*4. Suppose -5*t + 64 = -11. Let z(p) = -t + p**3 + 3*p + 4*p**2 - 2*p + 14. Determine z(c).
-5
Let c(f) be the first derivative of f**2/2 + 18*f - 147. What is c(-13)?
5
Let n(a) = -a - 2. Let b be n(-1). Let v(s) = -70*s - 24. Let h(z) = 47*z + 17. Let y(w) = -7*h(w) - 5*v(w). Give y(b).
-20
Let u(q) = q**2 + 12*q - 10. Let x be u(-13). Suppose 0 = 2*s - s - 3, 2*d - 9 = -x*s. Let h(m) = m**2 - 3. What is h(d)?
-3
Let c(q) be the first derivative of -7/2*q**2 + 2*q**3 + 1 + 4*q + 1/4*q**4. Calculate c(-7).
4
Let i(a) = -11*a**2 + 3*a + 1. Let l(t) = -8*t**2 + 3*t + 2. Let f(n) = 2*i(n) - 3*l(n). Let w = 7 + -4. Determine f(w).
5
Let f(w) = -3*w + 2. Suppose 0*n - 5 = 4*n - m, 0 = -5*n - 3*m - 2. Let j(k) = -5*k - 3. Let d be j(n). Give f(d).
-4
Suppose 17 = -8*r - 7. Let j be 2/6 + 1/(-3). Let h(v) = v**3 + j*v**3 - 4*v + 4*v**2 - v**2 - 4. Calculate h(r).
8
Let z(d) be the third derivative of 1/30*d**5 - d**2 + 0*d - 1/12*d**4 + 1/6*d**3 + 0. Let y(n) = -2*n - 18. Let k be y(-10). Determine z(k).
5
Let u(z) = z - 12. Let t be u(15). Suppose -3*k + 2*a - 27 + 4 = 0, k = t*a - 10. Let f(j) = -j**2 - 4*j + 7. Give f(k).
-14
Let k be 8 + (-4 - -5) + 1. Let o(j) = -7*j**3 + 2*j**2 - j**2 - 1 - k*j**3. What is o(1)?
-17
Let q(v) be the first derivative of v**3/3 + 64*v + 195. Give q(0).
64
Suppose -3*r = -z - 54, 5*r - 101 = -40*z + 38*z. Let t(i) = i**2 - 18*i - 18. Give t(r).
1
Let s(t) = 9*t**2 + 29*t + 14. Let v(n) = -5*n**2 - 14*n - 7. Let b(w) = 4*s(w) + 7*v(w). What is b(-17)?
-10
Let n be (-7 + 6)*2 + -1. Let k(c) = -c**3 - 3*c**2 - 4. Calculate k(n).
-4
Suppose -20*z = 32*z + 41 - 145. Let m(v) = v**3 - 1. Let q(j) = 5*j**3 + 3*j**2 - j - 8. Let i(g) = -6*m(g) + q(g). Calculate i(z).
0
Let k(u) = 2*u**2 + 12*u + 17. Let l be k(-9). Let w = l - 64. Let y(v) = -8 + 0*v + 2*v + v. Determine y(w).
13
Let w(a) = -2*a - 7. Suppose -39 = -4*c - 91. Let z = c - -7. Give w(z).
5
Let q(n) be the second derivative of n**5/20 + 3*n**4/4 + 2*n**3/3 - 5*n**2/2 + 20*n - 4. What is q(-8)?
27
Let r = -191 - -191. Let m(p) = -p**2 + 2*p + 16. Give m(r).
16
Let p(j) be the second derivative of 2*j**4/3 - 2*j**3/3 + 3*j**2/2 + 526*j. Calculate p(1).
7
Let z(j) be the third derivative of j**4/6 + j**3/2 + 129*j**2. Calculate z(-4).
-13
Let j(y) = -17*y**2 + 6*y - 4. Let h(x) be the second derivative of 3*x**4/4 - x**3/2 + x**2 - 16*x. Let g(n) = 5*h(n) + 3*j(n). Calculate g(2).
-20
Let r be (1 + -10)*8/12. Let y(j) be the third derivative of -j**5/60 - 3*j**4/8 - 4*j**3/3 - 2*j**2 - 81*j. Determine y(r).
10
Let l = -1634 + 1636. Let g(p) = 9*p**2 - p - 3. Determine g(l).
31
Let n(t) = t**2 + 2. Let o be n(0). Let x(y) = 0*y - 2*y**o + 3*y - 5*y. Determine x(2).
-12
Let u(s) = 3*s. Let l(f) = -f**2 + 1. Let p be l(1). Suppose -t + p*m + 4 = m, -3*t - 4*m + 10 = 0. Let v be t/3*2/(-4). What is u(v)?
-3
Suppose 284 = -35*l + 389. Let u(x) be the first derivative of -x**